base 4) to base 2
10011111001010001
Convert -19a5819 (base 11) to base 6.
-200201201
Convert -185295 (base 12) to base 5.
-102030021
-2012231123 (base 4) to base 15
-ad74b
Convert -1000000010010010011 (base 2) to base 12.
-10846b
Convert -ab8062 (base 12) to base 16.
-29a94a
30bd80 (base 14) to base 8
6217354
Convert -620c1 (base 16) to base 2.
-1100010000011000001
Convert 1011111111110100 (base 2) to base 15.
e860
Convert -12c866 (base 13) to base 15.
-90295
What is -21400112 (base 6) in base 7?
-5264054
Convert 213133110 (base 4) to base 14.
42d36
Convert -3acc08 (base 16) to base 3.
-21020202202120
Convert -39165 (base 15) to base 3.
-100021102212
What is -1766b3b (base 12) in base 16?
-4a38df
-241103 (base 10) to base 4
-322313033
What is 30221343 (base 5) in base 14?
6432a
3162338 (base 10) to base 14
5c4654
Convert -12477353 (base 8) to base 10.
-2785003
-201113002032 (base 4) to base 10
-8745102
24021103 (base 5) to base 10
220153
Convert -3f52e2 (base 16) to base 15.
-56e95b
Convert -13134350 (base 6) to base 12.
-18a3b6
What is 96a843 (base 12) in base 4?
21011220303
What is 3a45d (base 14) in base 15?
2c805
What is 92c2 (base 15) in base 12?
15b3b
Convert 111101110011001 (base 2) to base 3.
1121101220
What is a57978 (base 11) in base 3?
10012002000101
What is -239233 (base 11) in base 15?
-7713c
What is 133010021321 (base 4) in base 16?
7c4279
What is -4a9267 (base 14) in base 9?
-4732470
-2a0a0 (base 15) to base 14
-37378
Convert 1691663 (base 10) to base 3.
10011221112012
What is 253694 (base 11) in base 10?
400129
1013444 (base 5) to base 6
205313
What is aca5 (base 13) in base 10?
24133
What is -1730677 (base 8) in base 15?
-9e620
What is 207526 (base 9) in base 3?
20021120220
Convert 41154835 (base 9) to base 11.
10176066
Convert 1432010002 (base 5) to base 14.
706341
-b2cc4a (base 13) to base 8
-17720107
What is -2643417 (base 10) in base 15?
-37337c
22220221201 (base 3) to base 6
3433114
10051774 (base 8) to base 9
3878217
What is -13012011 (base 4) in base 12?
-14999
-16908 (base 11) to base 7
-126111
What is -5011c7 (base 13) in base 5?
-433441434
205002034 (base 7) to base 13
2683c5a
-248684 (base 14) to base 3
-2100122011222
-112020211022 (base 3) to base 16
-447da
What is 4a0c (base 15) in base 16?
3d92
Convert 18255 (base 15) to base 8.
230513
What is 884a77 (base 11) in base 8?
5306072
What is -20011202 (base 4) in base 3?
-1200102202
990569 (base 10) to base 2
11110001110101101001
-a017 (base 14) to base 12
-13a85
Convert -2314455 (base 9) to base 3.
-2100111111212
What is 1395879 (base 10) in base 7?
14602422
-312322030130 (base 4) to base 5
-12141103030
-271643 (base 9) to base 11
-1031a4
What is 1061218 (base 12) in base 10?
3112436
-166266 (base 8) to base 12
-2b09a
What is -3777 (base 8) in base 10?
-2047
Convert -1101101010011101101010 (base 2) to base 4.
-31222131222
Convert -55564 (base 8) to base 14.
-8764
What is -5576394 (base 10) in base 8?
-25213312
Convert -1101101011101100100110 (base 2) to base 13.
-9877cb
What is -414255532 (base 6) in base 5?
-3321131321
What is 22111201021102 (base 3) in base 2?
10001001111110111110010
1101021031 (base 4) to base 16
5124d
14524024 (base 7) to base 12
56917a
231003220 (base 4) to base 3
100101011021
14093 (base 12) to base 4
12301233
-121002122201 (base 3) to base 14
-83692
What is 3233121130 (base 4) in base 13?
284428
What is -48c19 (base 13) in base 11?
-91640
Convert 17f54 (base 16) to base 6.
2034152
23d51 (base 16) to base 10
146769
Convert -222003 (base 9) to base 2.
-100000011001001001
193328 (base 10) to base 3
100211012022
What is -4214b (base 15) in base 8?
-631212
Convert 217b4 (base 15) to base 8.
317601
-5544881 (base 9) to base 15
-3dd9c1
Convert -1034433322 (base 5) to base 4.
-20220330011
Convert -3b5423 (base 15) to base 9.
-5327276
What is -2ab411 (base 15) in base 13?
-573046
What is -1001111100010100000 (base 2) in base 10?
-325792
13555136 (base 8) to base 2
1011101101101001011110
Convert -624521 (base 7) to base 9.
-173135
What is 11010100011111000000 (base 2) in base 6?
30353200
114202302 (base 5) to base 7
4400003
10895 (base 12) to base 6
245505
Convert d59a7d (base 16) to base 10.
13998717
-43020014 (base 7) to base 10
-3651932
What is 4b4e19 (base 15) in base 9?
6713376
What is -42004120 (base 5) in base 15?
-6c025
What is bb2105 (base 12) in base 4?
23110310111
What is -247283 (base 9) in base 8?
-444262
Convert 25113212 (base 6) to base 13.
221627
-291237 (base 14) to base 8
-5336301
What is 4e4691 (base 16) in base 13?
10a7c38
Convert 110121110100022 (base 3) to base 11.
38677a8
What is 68625 (base 9) in base 6?
551335
1011525545 (base 6) to base 9
21582582
What is -202203013 (base 4) in base 7?
-1126366
What is -2a57047 (base 13) in base 11?
-76a8415
-238198 (base 11) to base 5
-44030101
What is 4518057 (base 9) in base 12?
9942ba
-3400247 (base 11) to base 14
-b119da
-a3aa8 (base 12) to base 13
-765c2
Convert 1022035000 (base 6) to base 15.
e20ed3
Convert -122154 (base 9) to base 12.
-36827
-211022002220 (base 3) to base 4
-1223022120
-109459 (base 10) to base 15
-22674
-2a27986 (base 11) to base 7
-62100102
270756 (base 8) to base 3
11210220111
-321591b (base 12) to base 3
-122211221202212
Convert -2589b (base 16) to base 13.
-54ca4
Convert 3303124 (base 5) to base 8.
156530
3d39a6 (base 16) to base 8
17234646
-65d87b (base 16) to base 15
-8bc9a5
Convert 133022110 (base 4) to base 11.
87993
Convert 5450252 (base 6) to base 7.
2205665
-13566 (base 12) to base 11
-1908a
Convert -833372 (base 9) to base 14.
-cc346
What is -111000112211 (base 3) in base 14?
-69579
152435524 (base 6) to base 16
30f6ac
Convert 679b94 (base 14) to base 13.
964627
What is -572311 (base 8) in base 5?
-22144422
What is 161666 (base 9) in base 5?
11142230
Convert -257a28 (base 11) to base 13.
-112974
What is 123201 (base 5) in base 12?
2941
Convert -11403220 (base 5) to base 4.
-122002331
Convert 11134241304 (base 5) to base 16.
bd70e4
-1923131 (base 10) to base 6
-105115215
Convert 130000020 (base 6) to base 3.
11202000000110
Convert -4a065 (base 12) to base 15.
-1eabb
What is -370535 (base 16) in base 14?
-69c101
-16516232 (base 8) to base 4
-32221302122
What is -2779087 (base 10) in base 4?
-22212133033
212804 (base 15) to base 6
53453121
What is 5a566a (base 12) in base 8?
5445562
What is 283085 (base 14) in base 16?
153add
Convert -418948 (base 13) to base 5.
-343023030
52912 (base 12) to base 10
108446
What is -cde1 (base 15) in base 2?
-1010101001110100
-493772 (base 10) to base 16
-788cc
-110011111101011011011010 (base 2) to base 4
-303331123122
Convert -123163544 (base 7) to base 3.
-112200010221212
10111011001110010 (base 2) to base 10
95858
What is -330464 (base 8) in base 12?
-54218
What is -13434034 (base 5) in base 14?
-38da6
Convert 2aa8 (base 13) to base 3.
22112110
Convert 150442e (base 15) to base 14.
203a0d2
-3077251 (base 9) to base 5
-410124221
145425262 (base 7) to base 5
4442033410
What is -1034222101 (base 5) in base 9?
-4221070
What is 26aa0 (base 12) in base 5?
3202100
What is -256651 (base 7) in base 5?
-3014012
Convert 3405a2 (base 11) to base 13.
15cb89
What is 22020220120 (base 3) in base 6?
3252153
-3231332324 (base 5) to base 2
-11010010101000111000110
30023 (base 8) to base 12
7157
Convert -287277 (base 15) to base 8.
-7334441
1ed02 (base 16) to base 15
275e0
Convert 40647 (base 14) to base 15.
30d6d
What is 14050212 (base 6) in base 2?
1110011100000100000
c16d7 (base 16) to base 13
219807
Convert -111101012210210 (base 3) to base 2.
-11011000111110010100100
What is -153972 (base 10) in base 2?
-100101100101110100
What is 13ba74 (base 15) in base 6?
32213314
What is 7b184 (base 12) in base 6?
3305044
100110100010111001101 (base 2) to base 16
1345cd
11eab (base 15) to base 10
57311
What is -110000001001000011011 (base 2) in base 4?
-12001020123
What is -904a (base 11) in base 15?
-3873
Convert 15128 (base 12) to base 2.
111001101110000
Convert -12433311 (base 6) to base 15.
-812bd
-7630341 (base 9) to base 8
-17474610
What is -1111110110111001111111 (base 2) in base 13?
-b271c6
What is 388a1 (base 13) in base 9?
168610
11101001000011111000 (base 2) to base 12
3a0534
-2612ab (base 12) to base 10
-624227
Convert 210000221212022